w) = 7*w + 38. Let p(n) = 7*o(n) - 8*x(n). Give p(7).
74
Let f(c) = -77*c**2 - 19*c - 17. Let d(p) = -115*p**2 - 27*p - 24. Let r(z) = 5*d(z) - 7*f(z). Let y be (-10)/25 + (-6)/10. What is r(y)?
-35
Let y(i) = 4*i + 48. Suppose -2*u - 402 = -376. Determine y(u).
-4
Let y(w) = -w**3 - w + 2. Let p = 185 - 181. Suppose x = p*x + 2*x. What is y(x)?
2
Let n(i) = -119121*i - 32*i**2 + i**3 + 12 + 1 + 119151*i. Calculate n(31).
-18
Let k(s) be the first derivative of s**4/4 + 26*s**3/3 + 47*s**2/2 - 18*s - 324. Give k(-24).
6
Suppose -4*v - 6 = -i, 0 = -4*v + 3*v + 3. Suppose -c - 16 - i = -4*m, 26 = 2*m - 5*c. Let j(f) = -8*f - 8 - 12 + 5 + 9*f + 7. Calculate j(m).
0
Let a(n) = 6311*n + 53*n**3 - 3*n**2 + 6315*n - 12625*n + 2. Determine a(-1).
-55
Let d be (-5)/10 - (-4 - (1 + 23/(-2))). Let j(c) = -3*c - 14. Give j(d).
7
Suppose -3*a + 48 = -7*a - 2*s, 0 = -3*a + 5*s - 10. Let k(z) = -3*z - 25. What is k(a)?
5
Let h(f) = f + 6. Suppose -5*w = 2*p - 760, -3*w - 2*p + 456 = p. Let o = w - 156. Give h(o).
2
Let r = -768 + 772. Let b(x) = -9*x - r*x + 16 - x - 6*x**2 + 7*x + x**3 - x. Give b(7).
9
Suppose -59*t = -57*t. Let f(p) = t + 1 - 4*p**2 - 31*p**2 - p + 16*p**2. Give f(1).
-19
Let y(b) be the second derivative of 251*b + 0 - 1/2*b**3 + 0*b**2 + 1/6*b**4. Calculate y(3).
9
Let k(r) = -r**3 - 1. Let z be (-3 - (0 - 7)) + -3. Let j(h) = 4*h**3 - 5*h**2 + h - 4. Let y(w) = z*j(w) + 3*k(w). Calculate y(5).
-2
Let r = -466 - -469. Let d(m) = 1 - r*m**2 + 3 - m**2 + 3*m**2 - 2. What is d(-2)?
-2
Let n(j) = 2*j**2 - 3*j + 2. Let r(a) = a**2 - 28*a + 124. Let p be r(29). Let z = p + -151. Calculate n(z).
4
Let h(y) = -y**3 - 16*y**2 + 17*y + 6. Suppose 3*z + 85 = -2*q + 365, 3*q - 5*z - 439 = 0. Let r = -160 + q. Calculate h(r).
6
Let k(l) be the second derivative of -l**4/6 - l**3 + 59*l**2/2 + 2351*l - 2. Determine k(4).
3
Let c(f) be the second derivative of f**6/360 - f**5/10 + 7*f**4/12 + 121*f**3/6 + f**2/2 - 7*f + 7. Let l(x) be the second derivative of c(x). What is l(10)?
-6
Let y be (105 - 91)/(1 + (-10)/(-4)). Let z(v) = v**2 + 7*v - 13. Give z(y).
31
Let a(w) = -w**3 + w**2 + 12*w. Let y(n) = 2*n**3 + 11*n**2 - 68*n - 22. Let s(d) = 3*a(d) + y(d). What is s(11)?
-11
Let u(a) = -17*a**2 + 52*a - 8. Let m(b) = -5*b**2 + 16*b - 3. Let c(k) = 7*m(k) - 2*u(k). Calculate c(5).
10
Let q(g) = -g**2 - 5*g + 10. Let f(s) = 3*s + 28. Let n be f(-8). Suppose 5*m + 35 = -n*j, 0 = -4*j + j + 5*m. Let v be 9/(-9) + j/(10/12). Give q(v).
-4
Let h(b) = 3*b**2 + 61*b - 481. Let r be h(6). Let w(c) = -55*c - 391. What is w(r)?
-6
Let c(n) be the second derivative of -1/2*n**3 + 1/20*n**5 - 8*n + 1 - 1/3*n**4 - 3*n**2. What is c(5)?
4
Let i(c) = -c**3 - 2*c**2 + 3*c - 4. Let b be i(-3). Let o(k) = 203*k - 245*k - 6 + 40*k. What is o(b)?
2
Let l(q) = 3*q + 63. Let v(a) = 42 - 34*a + 70*a - 34*a. Let y(s) = -5*l(s) + 8*v(s). Give y(0).
21
Suppose -39*c + 32*c = -14. Let x(k) = k + 13*k**2 - 88 + 88 - k**3 - 10*k**2. Determine x(c).
6
Let w = -1841 - -1843. Let u(s) be the second derivative of -30*s + 0 - 5/2*s**w + 1/6*s**3. Calculate u(8).
3
Let n(s) = -3*s**2 - 91*s + 71. Let q be (3 - 3)/(-3 + 5) - 372/12. Determine n(q).
9
Let g(y) = -y**2 + 3*y - 1. Suppose 306*m = -161*m + 2335. Suppose 0 = -d - 2*r + 14, -3*d + 0*d = -4*r - 12. Suppose m*b - d = b. Calculate g(b).
1
Let r(q) = -q**3 + q - 2. Let g(m) = -m**3 + 3*m**2 - m. Let i = -6 + 37. Let y be 4/14*(i + -3)/4. Let u be g(y). Calculate r(u).
-8
Let j(o) = 3*o**2 - o + 3 + o**3 - 3*o**2 + 3*o**2 + 3*o. Suppose b + 22 = -0*b. Let y = b + 19. What is j(y)?
-3
Let q(l) = -l**3 + 14*l**2 - 12*l + 5. Let w be (2/(-18)*-2)/(1/9). Suppose -3*k - 2*c - 24 = -61, 2 = -w*c. Give q(k).
18
Let r(v) = -16*v + 4*v**2 + 1064*v**3 - 27 + 1067*v**3 - 2130*v**3. Calculate r(-6).
-3
Let y be (0*(-4)/(-16))/2. Let f(s) be the second derivative of s**5/120 + s**4/24 - s**3 + 2*s. Let r(p) be the second derivative of f(p). Give r(y).
1
Suppose 0*g - 45 = -5*g. Suppose 4 = 5*s - 2*d, s - g - 2 = -3*d. Let q(h) = -4 + s*h + 4*h - 3*h. Give q(3).
5
Let k(l) be the second derivative of l**4/6 + 3*l**3 + 41*l**2/2 + l + 87. Let n be k(-5). Let i(d) = -27*d**3 + 2*d**2 - d. Calculate i(n).
-26
Let q(s) = s**2 + 13*s + 15. Suppose -31*l - 18*l - 637 = 0. Determine q(l).
15
Let f(x) = x - 28. Let l be 204/(-85)*(-10)/4. Determine f(l).
-22
Let b(j) = 0*j - j + 6*j + 4. Let o be (-21)/(-35)*-4*(-60)/(-72). Let f be b(o). Let a(l) = l**2 + 7*l + 2. Give a(f).
-4
Let r(v) = 132 + 1921*v - 919*v - 1006*v. Give r(27).
24
Let v(q) be the second derivative of -10*q + 1/3*q**3 + 0 - 1/12*q**4 + 0*q**2. Suppose 5*h - 10 = -0*h. Give v(h).
0
Suppose 2*k + 2*k - 64 = 0. Suppose 5*c + 6 = k. Let g(o) = -2*o - o**3 + 14*o**2 + 5*o**2 - 25*o**2 + 8*o**2. Give g(c).
-4
Let n = -120 - -120. Suppose 9*x - 72 = -n*x. Let a(t) = t**2 - 6*t + 8. Determine a(x).
24
Let k(c) = -14*c - 445898 + 5*c + 445874 + c**2. Give k(10).
-14
Suppose -12*k + 54 = -39*k. Let a(o) = -o**3 - o**2 + 3*o + 3. What is a(k)?
1
Let y(o) be the first derivative of -o**3/3 + 23*o**2/2 - 72*o - 50. Let g be y(19). Let s(i) = i**2 - 4*i + 2. What is s(g)?
2
Let t(d) be the first derivative of d**4/4 - d**3 - 3*d**2/2 + 5*d - 566. Determine t(4).
9
Let y(t) = t**2 + 3*t - 6. Let k(o) = -6*o**2 - 13*o + 27. Let w(m) = -2*k(m) - 9*y(m). What is w(-1)?
4
Suppose 5*s - 4*c = -95, 13*c - 18*c = 5*s + 140. Let l(f) = -f**2 - 22*f + 100. What is l(s)?
77
Let z(t) = -t**2 + 7*t - 4. Let u be (-25)/2*8/(-10). Suppose 3*i + u = 16. Let j be (i + -2)*-1 + (18 - 12). Determine z(j).
2
Let l(a) be the third derivative of -a**5/30 + 5*a**4/24 + 5*a**3/2 - 1139*a**2. What is l(7)?
-48
Let b(p) = -14 + 13403*p - p**2 + 0*p**2 - 13424*p + 4. Give b(-21).
-10
Let w(f) = 3*f**3 - f**2 + f. Suppose -13*p - x = -9*p - 3, -p - 2*x = 15. What is w(p)?
75
Suppose -56*h - 67*h - 1226 - 127 = 0. Let b(a) = a**2 + 15*a + 23. Give b(h).
-21
Suppose i - 8 = d, -2*i = -d - 153 + 140. Let k(o) = 2*o**2 + 16*o + 7. Determine k(i).
137
Let o(m) = -6*m + 2. Let k(f) = -f**2 + 8*f + 23. Let a be k(-4). Let y = a + 27. Give o(y).
-10
Let y(r) = 13*r + 8. Let n(k) = 16*k + 10. Let m(q) = 4*n(q) - 5*y(q). Let l = 5 - -2. Calculate m(l).
-7
Let r(b) = 31*b**2 + 332*b - 891. Let c(n) = 13*n**2 + 133*n - 356. Let s(d) = -12*c(d) + 5*r(d). Calculate s(3).
0
Let w(r) be the third derivative of -11*r**4/12 + 86*r**3/3 - 2*r**2 + 3481*r. What is w(8)?
-4
Let v(g) = 9*g**3 + 4*g**2 - 9*g - 3. Let l(o) = 10*o**3 + 6*o**2 - 13*o - 5. Let b(x) = 2*l(x) - 3*v(x). Give b(1).
-7
Let g(c) = -4*c + c**3 - 4*c - 3 + 4*c. Let f = 2942 + -2944. What is g(f)?
-3
Let y be 6/(-7)*(-140)/40. Let d(a) = 0*a**2 + 8*a**2 + 8 - a**y - 6 + 9*a. What is d(9)?
2
Let w(b) be the second derivative of b**5/20 + 5*b**4/6 - 23*b**3/6 + 25*b**2/2 + 820*b. Give w(-12).
13
Let j(d) = -34*d**3 + 14*d + 4. Let m(t) = -21*t**3 - t**2 + 7*t + 2. Let f(z) = -3*j(z) + 5*m(z). Determine f(-2).
16
Let i(t) = -t**3 - 6*t**2 - 8*t + 6. Let p be -2 - -3 - (-72)/120*-10. Determine i(p).
21
Let m(x) = 59*x - 15. Let y(o) = -15*o - 1. Let f(g) = -m(g) - 4*y(g). What is f(-10)?
9
Let h(r) = 96*r - 191. Let s be h(2). Let g(i) = -4*i**3 + 15*i**3 + 7 - 8. Give g(s).
10
Let m(s) be the second derivative of -2*s**3/3 - 3*s**2/2 + 7*s. Let t be (-402)/30 - -14 - 13/5. What is m(t)?
5
Let k(h) be the second derivative of -h**5/20 + 2*h**4/3 - 4*h**3/3 + 9*h**2/2 - 5*h. Let s be k(7). Let z(a) = -23 + 3*a - s*a + 19. Determine z(4).
0
Let g(c) be the second derivative of 7*c**3/3 - 4*c**2 + 4092*c. Calculate g(-4).
-64
Let n = -16 - -19. Let s(g) = -160*g**2 + 162*g**2 + n*g + 1 - 3. Let y(a) = -a**2 - 4*a + 1. Let t(o) = -2*s(o) - 3*y(o). What is t(7)?
-6
Let o = 24 - 22. Let q be (-4)/(-1) + (4 - o). Let p(w) be the second derivative of w**4/12 - 5*w**3/6 + 2*w**2 + 30*w + 1. Calculate p(q).
10
Let z = 4 - 325. Let c = 326 + z. Let g(k) = k - 9. Determine g(c).
-4
Let g(j) = 1633*j + 1698*j - 3275*j + 74 - 26 + 2*j**2. What is g(-27)?
-6
Let m be 9 - (2 + (-2 + 0 - 2)). Let w(o) = -7*o**3 + 10*o**2 - 8*o - 18. Let g(l) = 13*l**3 - 20*l**2 + 16*l + 35. Let c(t) = m*w(t) + 6*g(t). Give c(9).
3
Let g(i) = 7*i**3 - 31*i**2 - 12*i + 12. Let p(m) = m**3 - 4*m**2 - m + 1. Le